) = 11*a + 4. Let b(q) = 32*q + 11. Let c(k) = j*d(k) + 4*b(k). What is the tens digit of c(5)?
3
Let h(u) = 99*u**2 - 7*u - 2. Let t(v) = 98*v**2 - 6*v - 3. Let w(l) = -3*h(l) + 4*t(l). What is the units digit of w(-2)?
0
Let w be 25*(-3 + (-226)/(-10)). Suppose 5*o - 4*m - 623 = 0, 0 = 3*o - 7*o - m + w. Suppose -2*p + o + 113 = 0. What is the tens digit of p?
1
Let u(s) = -2316*s**3 + 2*s**2 + 26*s + 26. What is the hundreds digit of u(-2)?
5
Let p be (12/(-16))/(1/(-4)). Suppose 3*i - 9 + 0 = -p*q, 5*i - q = -3. What is the units digit of 0 + 87 - (-1 - (i + 0))?
8
Let u = -31650 - -48203. What is the ten thousands digit of u?
1
Let p = -9435 - -44196. What is the thousands digit of p?
4
Suppose -2*w + 80 = -2*h, 2*h = -w - 7 + 47. Let i = -97 - w. Let b = -71 - i. What is the units digit of b?
6
Let s be -1 - (-4 + -255)/(-1). Let o = s + 760. What is the units digit of o?
0
Suppose z + 20 = 45. Suppose -32*s + z*s = -1785. What is the tens digit of s?
5
Let p(f) = f**3 - 6*f**2 - 6*f + 7. Let l be p(7). Let c be (-56)/l - (1 + -8). Suppose -5*s - 23 = 2*n - 352, c*n = 4*s - 277. What is the tens digit of s?
6
Let s = -234 + 234. Suppose -x - 4*z + 752 = s, -4*x + 3*z + 2101 = -888. What is the hundreds digit of x?
7
Suppose 0 = -3*x - 4*f + 1398, 2*x + f - 1182 + 250 = 0. Let n = 846 - x. What is the units digit of n?
0
Let c(p) = -2*p**3 - 4*p**3 - 2*p**2 + 7*p - 5*p**2 + 7*p**3. Let f be c(6). Let a(b) = 10*b - 34. What is the units digit of a(f)?
6
Let l be (98791/(-33) + 9)*3/(-2). Suppose 10*c + c = l. What is the tens digit of c?
0
Suppose -9*y = -7*y - 5*b + 64, -b = 3*y + 79. Let h = 20 - y. What is the units digit of h?
7
Suppose 2*p + 1270 + 408 = -5*i, -4*i = -5*p + 1316. Let z = 63 - i. What is the units digit of z?
7
Suppose 13893*u + 569723 = 13942*u. What is the thousands digit of u?
1
Let v = -2376 - -3388. Suppose 5*j - 1249 = -3*h, 4*j - 6*h - v = -2*h. What is the tens digit of j?
5
Let o(u) = u**3 - 13*u**2 - 16*u + 2. Let h be o(15). Suppose -8*s + h = -4*s. Suppose -4*v = -l - l + 30, -3*l + 2*v + s = 0. What is the tens digit of l?
1
Suppose 21 + 51 = 4*a. Suppose 0 = 14*v - a*v - 152. Let n = v - -54. What is the units digit of n?
6
Let p = 65 + -69. What is the tens digit of p/(-6) + (-1 - 6208/(-12))?
1
Let p(d) = -1396*d - 21. Let g(x) = -6980*x - 104. Let q(n) = 5*g(n) - 24*p(n). What is the units digit of q(-1)?
0
Let t = -27234 + 44989. What is the ten thousands digit of t?
1
Let v = 47 - 49. Let x be -3 - (-46)/16 - v/16. Suppose x = -p - 4*m + 106, m + 0*m = -p + 91. What is the tens digit of p?
8
Let v(j) = -j**2 + 10*j + 15. Let d be v(11). Suppose 4*r - 5*r - d*s = 23, -r + 5*s = 32. Let z = 113 - r. What is the units digit of z?
0
Let p(r) = 3*r**3 + 5*r**2 + 66*r - 400. What is the tens digit of p(16)?
2
Suppose 10 = -20*k + 15*k. What is the tens digit of (-30 - -2)*6*k/2?
6
Suppose -75*f = -16*f - 1569341. What is the thousands digit of f?
6
Suppose -3*i - i + s - 9 = 0, 0 = 4*s + 12. What is the hundreds digit of 0*4/12*i + 151?
1
Let d be -5511*2/(-12)*-2. Let y = -834 - d. What is the tens digit of y?
0
Let o be 0/((-3)/(12/16 - 0)). Suppose o = -5*l - 3*v + 4305, -4*l + 2383 + 1088 = -3*v. What is the hundreds digit of l?
8
Let p = -2322 - -18505. What is the ten thousands digit of p?
1
Let v be (4*(-1)/(-2))/(-2). Suppose 17*g + 29 = 63. What is the tens digit of g*(v + 2) - -23?
2
Suppose 0 = 5*i + 9 + 71. Let j = -47 - i. Let g = 206 + j. What is the hundreds digit of g?
1
Let s = 150420 - 105027. What is the units digit of s?
3
Suppose -14*k - 5085 = -13835. Suppose -3*b = 2*b - k. What is the tens digit of b?
2
Let s be (-1641198)/(-22) - 145/(-1595). What is the hundreds digit of (-3 - (-5)/2)*s/(-20)?
8
Let w = -26 - -22. Let y be w + 3 + 11 + -3. Suppose 6*d + 12 = y*d. What is the tens digit of d?
1
Let b = -238 + 241. Suppose 2*j + i = 50, 0 = 6*j - b*j - 5*i - 101. What is the units digit of j?
7
Let y = 128390 + -65972. What is the ten thousands digit of y?
6
Suppose 0 = 6*l - 28*l + 220. Let z(i) = 6*i**2 - 16*i + 14. What is the units digit of z(l)?
4
Let y = -196 + 197. What is the hundreds digit of (-12)/(-3*y/423*3)?
5
Let s(v) = -9*v - 117. Let a be s(-13). Suppose 7*m = 5*m - q + 3825, m + 2*q - 1911 = a. What is the tens digit of m?
1
Suppose -28*f + 0*f = 190932. What is the units digit of f/(-6) - 1/2?
6
Let h = -3032 + 3776. What is the units digit of h?
4
Let u(x) be the second derivative of -5*x**4/24 + 77*x**3/6 - x**2/2 - 3*x. Let s(v) be the first derivative of u(v). What is the tens digit of s(0)?
7
Let s be (132462/20 - (-6)/(-60)) + 1. Suppose -7*j + s = 1311. What is the hundreds digit of j?
7
Let t = -58 + 459. Let i be t + 2/(-2 + 1). Suppose i = 3*s - 0*s. What is the hundreds digit of s?
1
Suppose -3*p - 49332 = -3*q - 0*p, 5*q + p = 82196. What is the hundreds digit of q?
4
Suppose -4*p - 2*y = -9157 - 69973, -y + 7 = 0. What is the thousands digit of p?
9
Suppose -2*m + 2*b = 3*m + 23, 0 = m + 3*b - 9. Let r(x) = -94*x**3 + x**2 - 6*x + 1. Let a be r(m). Suppose -993 = 13*t - a. What is the tens digit of t?
2
Suppose -3*k = 5*j - 774, -2*k = -j - k + 158. Suppose 0 = 4*h - 5*h + j. What is the hundreds digit of h?
1
Let w be 3 + 2 - (-6 + -24). Suppose w*q = 32*q + 1221. What is the units digit of q?
7
Suppose 214*t = 219*t - 870. Suppose -t = -2*f - 2*m, 2*f - 4*m - 87 - 63 = 0. What is the units digit of f?
3
What is the units digit of 12/(-4)*279469/(-159)?
3
Suppose 118*y = 12588315 - 4976253. What is the ten thousands digit of y?
6
Let c be (-88)/(-176)*0/2. Let w(n) = -n**3 + 2*n + 1329. What is the units digit of w(c)?
9
Let h be (2 + -3)/((-5)/(40/4)). Suppose h*b + 1045 = 3*b + 5*v, 5*b + v = 5225. What is the tens digit of b?
4
Suppose 0 = -78*i + 68223 + 27717. What is the units digit of i?
0
Suppose 3*c = 14*a - 13*a + 13, -c = a - 7. Suppose -25 + 181 = a*x. What is the units digit of x?
8
Let b(d) = -318*d + 4543. What is the thousands digit of b(-96)?
5
Let t = -2699 - -2419. Let x = 106 - 256. Let k = x - t. What is the units digit of k?
0
Let w(x) = 34*x**2 + 5*x + 37. Let p be w(9). Suppose -5*m = -4*k - 2838, 5*m - 103*k - p = -100*k. What is the tens digit of m?
6
Let d = -479 + 481. Suppose -2*q + 36 + 4 = 0. Suppose -q - 140 = -d*u. What is the units digit of u?
0
Let l(g) = 4*g - 33. Let v(h) = -2*h**2 + 12*h - 1. Let m be v(5). Let k be l(m). Suppose 230 - 596 = -k*u. What is the tens digit of u?
2
Suppose 2*l = s - 4, 0*s - 4*s - 4*l + 16 = 0. Let h(v) = v**2 - 2*v - 3. Let g be h(s). Suppose g*f - 168 = 52. What is the units digit of f?
4
Let k = 33 - 28. Suppose -10 = k*d - 20. Suppose -d*r = -5*p + 550, -4*r - 35 = -2*p + 201. What is the tens digit of p?
0
Let h(b) = 20*b**2 - 70*b - 1244. What is the ten thousands digit of h(-23)?
1
Suppose 0 = -5*g + 4187 + 4814 + 8654. What is the thousands digit of g?
3
Let f = -62 + 67. Suppose -590 = -f*a - 0*a. Suppose 4*o + 437 = 3*z + a, 5*z - 3*o - 517 = 0. What is the hundreds digit of z?
1
Suppose 3*u - 3*o = -6537, -5*o + 6*o - 4354 = 2*u. What is the tens digit of u/(-7) + (-36)/(-28) + -1?
1
Suppose -38*k + 235703 + 973874 = -362293. What is the hundreds digit of k?
3
Let s = 463 - 140. Let q = 871 - s. What is the units digit of q?
8
Suppose 0 = -0*n + n - 795. Suppose -1875 = n*r - 798*r. What is the tens digit of r?
2
Suppose 3*q = -3*s - 1 + 4, -4*s + 22 = -2*q. Let y(n) = -5*n**3 + 42 + 8*n + 40 - 82 - 5*n**2 + 6*n**3. What is the tens digit of y(s)?
1
Let p(k) be the third derivative of k**5/60 - k**4/4 - 227*k**3/6 - 16*k**2 - 5*k. What is the tens digit of p(36)?
5
Let m be 33/12 + 9/(-12). Suppose -5*k + 41 = -3*c, 2*k + m*k - 16 = 0. Let n(i) = i**3 + 9*i**2 + 6*i - 9. What is the units digit of n(c)?
7
Suppose 0 = -37*a + 36*a - 3*o + 19934, 0 = -4*a - 3*o + 79709. What is the hundreds digit of a?
9
What is the tens digit of (-1*(-2)/(-4))/(-20 + (-7600608)/(-380032))?
3
Let f be ((-2 - 70) + (4 - 1))*2. Let j = -126 - f. What is the units digit of (38/8)/(3/j)?
9
Let s be 16/(-10)*((-15)/(-6) + -5). Suppose -21 = -s*l - 3*l. Suppose r - l*r = 0, 0 = 5*b - r - 180. What is the units digit of b?
6
What is the hundreds digit of (11/(-3))/((-137)/38634)?
0
Suppose 61*s